o + 295, 0 = 5*t - o - 370. List the prime factors of t.
3, 5
Let k = -589 - -1319. What are the prime factors of k?
2, 5, 73
Let f(t) = t**3 - 7*t**2 - 9*t + 10. Let g be f(8). List the prime factors of 44 + (-3)/6*g.
43
Let n = -94 + 176. Let c = 25 - n. List the prime factors of c/(-7) - 7/49.
2
Suppose 0 = 3*l + 2 + 10. Let z be 3/1*(-4)/l. Suppose -y - 30 = -z*y. What are the prime factors of y?
3, 5
Let c be 5*6/5*-1. Let k be (c/(-15))/(1/(-15)). What are the prime factors of ((-4)/k)/((-2)/(-72))?
2, 3
Let z = 987 - 463. List the prime factors of z.
2, 131
Let i = 6 - 3. Suppose 5*n = 4*n + i. Suppose -1 = -b + 5*t + 3, 0 = n*b - 3*t - 36. List the prime factors of b.
2, 7
Suppose 32136 = 23*l + l. What are the prime factors of l?
13, 103
What are the prime factors of (-5)/(-10)*-8 - -1279?
3, 5, 17
Let q be -4 - (-11)/(33/90). Let i = q - -54. List the prime factors of i.
2, 5
Suppose 7414 = 14*u + 1828. List the prime factors of u.
3, 7, 19
Suppose 96 = 15*c - 339. List the prime factors of c.
29
Suppose 4*n + 2541 = -12*u + 15*u, -4*u + 3*n + 3395 = 0. List the prime factors of u.
23, 37
Suppose -5*l - 13 = -4*d + 7, 10 = -4*l + 2*d. Suppose l = -3*y - 33 + 141. List the prime factors of y.
2, 3
Suppose 6*r = 9*r - 378. Suppose 0 = 3*f + 3*l - r, 57 = 2*f + 5*l - 30. List the prime factors of f.
41
Let o be 31/(-2)*(-8 - -10). Let a = o + 63. What are the prime factors of a?
2
Let j(x) = x**2 + 27*x + 37. Let h be j(-25). Let l = h - -68. What are the prime factors of l?
5, 11
Suppose 0*m - 3*m = -21. Let g(y) = 5*y - 2. What are the prime factors of g(m)?
3, 11
Let y be (-3)/(-6) + 2/4. Suppose 5*l - 4*g = y - 5, 2*g - 2 = 4*l. Suppose -3*t - 3*h + 177 = l, t - 83 = 4*h + h. What are the prime factors of t?
3, 7
Let y(u) = -1584*u - 35. List the prime factors of y(-1).
1549
Let i be -2*((-48)/2)/(-2). Let x = 47 + 9. Let t = x + i. What are the prime factors of t?
2
Suppose 1106 = -26*z + 14834. List the prime factors of z.
2, 3, 11
Suppose 4 = -4*m - 4*x, 3*x = m + 9 + 12. Let z be (-1)/(-3) + (-10)/m. Suppose z*w - s - 34 = 0, -w - 3*s + 107 = 4*w. What are the prime factors of w?
19
Let h = -16 + 16. Suppose 5*s - 2*y - 179 = h, 6*s = 3*s + 5*y + 115. What are the prime factors of s?
5, 7
Suppose 0*u = -4*u + 4*s + 1936, 5*s = -5*u + 2380. What are the prime factors of u?
2, 3, 5
Let o(v) = -v**2 - 15*v + 13. Let u be o(-11). Suppose 6*n - 357 = u. List the prime factors of n.
3, 23
Let x(f) = f**2 - 8*f + 15. Let n(p) = 5*p**3 + 2*p - 1. Let q be n(1). Let z be x(q). Suppose 0*h - 12 = -z*h. What are the prime factors of h?
2
What are the prime factors of 2/(-12) - 80788/(-456)?
3, 59
Suppose 0 = 3*p + 13 + 11. Let h = 104 - p. What are the prime factors of h?
2, 7
Let y be 6 - -160 - (0 - 1). Suppose -83 = -m - 2*v, -2*m - 4*v = -v - y. Suppose -4*h + m = -h + 2*c, 0 = -4*h - 5*c + 118. What are the prime factors of h?
3
Suppose 3*s = -5*i - 563, -2*i - 4*s - 61 = 167. Let y = 134 + i. List the prime factors of y.
2, 11
Let j = 233 + -81. List the prime factors of j.
2, 19
Suppose 0 = 4*o + 5*y - 265 - 468, 4*y = 3*o - 573. Let z = 323 - o. List the prime factors of z.
2, 17
Suppose b + g = 59, -3*b + 129 = 4*g - 44. Let r = b + -35. List the prime factors of r.
2, 7
Suppose -3*u = -j - 663, -5*j - 820 = -4*u + 64. List the prime factors of u.
13, 17
List the prime factors of -7 + 3 + 675 + 3.
2, 337
Let c(m) = -2*m**2 + 11*m - 10. Let z be c(4). Suppose 0 = n - 3*b + 2, -z*b = 2*n - b - 10. Suppose 129 = n*w - 7. What are the prime factors of w?
2, 17
Let i be (-90)/4*(-48)/60. Suppose -n - i - 68 = -2*v, 4*v + n = 172. List the prime factors of v.
43
Suppose 0 = -3*g + 4*x - 16, -3*x + 3 + 9 = -5*g. Suppose -7*s + 736 + 433 = g. What are the prime factors of s?
167
Suppose -4*k + 315 = -c, -6*k + 2*c = -5*k - 70. Let t = -46 + k. What are the prime factors of t?
2, 17
Suppose 0 = -3*m + 7*m - 44. Suppose 2*g = 97 - m. What are the prime factors of g?
43
Suppose 5*u = -3*c + 11980 - 1755, 6*c = 4*u - 8180. What are the prime factors of u?
5, 409
Let j(y) = y**3 - 48*y**2 - 64*y + 171. List the prime factors of j(50).
3, 73
Let d be (0 - (2 + -6))/(2/(-2)). List the prime factors of (d/(-18))/1 - (-1994)/18.
3, 37
Let x = 1 - -3. Suppose -3*y = -2*t + x - 8, -2*y + 8 = -4*t. Suppose -f + 3*f - 28 = y. What are the prime factors of f?
2, 7
Let f(a) = a - 3. Let d be f(5). Let n(i) = 4*i**2 + 2*i + 1. Let b be n(d). Suppose -2*x + 138 = 4*z, -4*x + b = z + x. What are the prime factors of z?
2, 3
Let r be 20*(1 + (-3)/5) - -3. List the prime factors of (-9 - -13)*r/2.
2, 11
Suppose 7*t - 4*t - 189 = 0. Suppose 5*o - t = -g + 2*o, 5*g - 341 = -2*o. What are the prime factors of g?
3, 23
Suppose 34*t + 9157 = 51725. List the prime factors of t.
2, 313
Let s(a) be the third derivative of -a**5/60 + 7*a**4/12 + 2*a**3/3 - 5*a**2. Let q be s(6). Suppose -65 = -3*c + q. List the prime factors of c.
3, 13
Let f(c) = -2*c - 13. Let x be f(5). Let p = x + 66. List the prime factors of p.
43
Let b = -569 + 891. What are the prime factors of b?
2, 7, 23
Let i(n) = -n**2 - 29*n + 24. List the prime factors of i(-12).
2, 3, 19
Suppose 4*q - 241 = 5*k, 3*k + 89 + 158 = 4*q. Suppose q = -0*v + 2*v. List the prime factors of v.
2
Suppose -5 = 2*c - 6*x + x, -13 = -2*c - x. Suppose 5*a = 317 + 163. Suppose 3*p + c*q = 134, 0 = 2*p - 0*q + 5*q - a. List the prime factors of p.
2, 19
Let n be (-120)/(-18)*(-72)/(-10). Suppose -l + n = f - 2*f, 4*l - 5*f = 196. Suppose -l - 64 = -4*a. List the prime factors of a.
3
Suppose 2*j - 31 - 29 = 0. Suppose -2*i = h - 30, 2*i - 2*h - j = -6*h. List the prime factors of i.
3, 5
Let s(d) = -d**2 - 7*d + 14. Let x be s(-7). List the prime factors of (-2)/x + 4040/56.
2, 3
Let t be (24/(-42))/((-2)/7). Suppose h + 1 = -2*a, 4 = a - 0*h + t*h. What are the prime factors of -1 + 2 - (a - 1)?
2
Suppose -3*s = 8 - 20. Let h = s - 49. Let l = h + 70. List the prime factors of l.
5
Suppose 15 = -3*c, 2 = 4*k - 5*c + 1. Let y be (4/3)/(k/(-9)). Suppose -y*n - n + 90 = 0. What are the prime factors of n?
2, 3, 5
Let x(u) = -217*u + 19. Let r(d) = -54*d + 5. Let q(n) = -9*r(n) + 2*x(n). Let w be q(-4). What are the prime factors of 2/(-4) + w/(-10)?
3, 7
Suppose 2*t = 2, d - 4 = -2*t + 4*t. Let a be -4 + 1 - d - -2. What are the prime factors of -3 + 7 + a + 13?
2, 5
Let z be 2/9 - 24/108. Suppose -4*l - 3*c - c + 64 = z, -4*l = -4*c - 48. List the prime factors of l.
2, 7
Let d be (22/55)/((-1)/5). What are the prime factors of 52 - 7 - (5 + d)?
2, 3, 7
Suppose -22*b + 10*b = 660. Let v = 14 - b. What are the prime factors of v?
3, 23
Let n be 2/(-4) - 125/(-2). Let u = -38 + n. Let v = u - -25. List the prime factors of v.
7
Let j(y) = y - 8. Let h be j(12). Suppose 5*i - 4*t = 240, 2*i + h*t - 43 = 53. List the prime factors of i.
2, 3
Let c = 126 - -84. What are the prime factors of c?
2, 3, 5, 7
Suppose 2*d + 2 = 0, 2*d = -5*g + 517 + 886. Let y = g - 131. What are the prime factors of y?
2, 3, 5
Let n(l) = -973*l - 66. List the prime factors of n(-1).
907
Let b(v) = 2*v**2 + 15*v - 22. What are the prime factors of b(19)?
5, 197
Let y be (2/(-2) - 3)*(-700)/10. Suppose 35*l - y = 30*l. List the prime factors of l.
2, 7
Suppose -2*c = 5*d - 6*c - 1401, 2*c = -4*d + 1126. List the prime factors of d.
281
Suppose -5*m + m + 684 = -4*p, m = -4*p + 181. List the prime factors of m.
173
Suppose a = -u + 135, -2*u + 0*u + 235 = -5*a. Suppose -3*f + f + y + u = 0, 0 = -f + 3*y + 60. List the prime factors of f.
2, 3, 11
Suppose 5*h - 442 = 2*a, 0 = 4*h + 2*a - a - 351. Suppose -h = -4*q + 156. What are the prime factors of q?
61
Let s = 9 - 5. Suppose 16 = 4*k + 4*i, -5*i + s = -2*k + 5*k. Let b = k + 6. What are the prime factors of b?
2, 7
Suppose -3218 - 364 = -9*n. List the prime factors of n.
2, 199
Let j = 5355 + -3367. What are the prime factors of j?
2, 7, 71
Let v(z) = -z**3 - 7*z**2 + 8*z - 9. Let m be v(-8). Let f be 3 + m - -3 - -5. Suppose -3*i = 5*b - 8*i - 100, f*b + 2*i - 52 = 0. List the prime factors of b.
23
Let k be (-10)/(-25) + (-754)/10. Let z = 145 + k. What are the prime factors of z?
2, 5, 7
Suppose -48*b - 872 = -50*b. What are the prime factors of b?
2, 109
Suppose -5*b = 5*d - 30, 4*b - 